{"version":"1.0","provider_name":"Formaci\u00f3n Ejecutiva","provider_url":"https:\/\/formacionejecutiva.com.ar\/empresas","author_name":"Daniel","author_url":"https:\/\/formacionejecutiva.com.ar\/empresas\/author\/daniel\/","title":"CONGRESO MUNDIAL DE MEDIACI\u00d3N - Formaci\u00f3n Ejecutiva","type":"rich","width":600,"height":338,"html":"<blockquote class=\"wp-embedded-content\" data-secret=\"B8pLbIIHae\"><a href=\"https:\/\/formacionejecutiva.com.ar\/empresas\/noticias-y-novedades\/congreso-mundial-de-mediacion\/\"><b>CONGRESO MUNDIAL DE MEDIACI\u00d3N<\/b><\/a><\/blockquote><iframe sandbox=\"allow-scripts\" security=\"restricted\" src=\"https:\/\/formacionejecutiva.com.ar\/empresas\/noticias-y-novedades\/congreso-mundial-de-mediacion\/embed\/#?secret=B8pLbIIHae\" width=\"600\" height=\"338\" title=\"\u00ab&lt;b&gt;CONGRESO MUNDIAL DE MEDIACI\u00d3N&lt;\/b&gt;\u00bb \u2014 Formaci\u00f3n Ejecutiva\" data-secret=\"B8pLbIIHae\" frameborder=\"0\" marginwidth=\"0\" marginheight=\"0\" scrolling=\"no\" class=\"wp-embedded-content\"><\/iframe><script>\n\/*! This file is auto-generated *\/\n!function(d,l){\"use strict\";l.querySelector&&d.addEventListener&&\"undefined\"!=typeof URL&&(d.wp=d.wp||{},d.wp.receiveEmbedMessage||(d.wp.receiveEmbedMessage=function(e){var t=e.data;if((t||t.secret||t.message||t.value)&&!\/[^a-zA-Z0-9]\/.test(t.secret)){for(var s,r,n,a=l.querySelectorAll('iframe[data-secret=\"'+t.secret+'\"]'),o=l.querySelectorAll('blockquote[data-secret=\"'+t.secret+'\"]'),c=new RegExp(\"^https?:$\",\"i\"),i=0;i<o.length;i++)o[i].style.display=\"none\";for(i=0;i<a.length;i++)s=a[i],e.source===s.contentWindow&&(s.removeAttribute(\"style\"),\"height\"===t.message?(1e3<(r=parseInt(t.value,10))?r=1e3:~~r<200&&(r=200),s.height=r):\"link\"===t.message&&(r=new URL(s.getAttribute(\"src\")),n=new URL(t.value),c.test(n.protocol))&&n.host===r.host&&l.activeElement===s&&(d.top.location.href=t.value))}},d.addEventListener(\"message\",d.wp.receiveEmbedMessage,!1),l.addEventListener(\"DOMContentLoaded\",function(){for(var e,t,s=l.querySelectorAll(\"iframe.wp-embedded-content\"),r=0;r<s.length;r++)(t=(e=s[r]).getAttribute(\"data-secret\"))||(t=Math.random().toString(36).substring(2,12),e.src+=\"#?secret=\"+t,e.setAttribute(\"data-secret\",t)),e.contentWindow.postMessage({message:\"ready\",secret:t},\"*\")},!1)))}(window,document);\n<\/script>\n","thumbnail_url":"https:\/\/formacionejecutiva.com.ar\/empresas\/wp-content\/uploads\/2022\/08\/image11.png","thumbnail_width":3508,"thumbnail_height":2481,"description":"Con el advenimiento de la tercera d\u00e9cada del siglo XXI se ha abierto un amplio debate sobre la naturaleza humana, el entorno social, el medio ambiente natural y la influencia que las neotecnolog\u00edas est\u00e1n ejerciendo sobre la concepci\u00f3n de nosotros mismos y las relaciones comunitarias, tanto locales como nacionales e internacionales. En esta ocasi\u00f3n, el [&hellip;]"}

Formación Ejecutiva

CONGRESO MUNDIAL DE MEDIACIÓN - Formación Ejecutiva

<blockquote class="wp-embedded-content" data-secret="B8pLbIIHae"><a href="https://formacionejecutiva.com.ar/empresas/noticias-y-novedades/congreso-mundial-de-mediacion/"><b>CONGRESO MUNDIAL DE MEDIACIÓN</b></a></blockquote><iframe sandbox="allow-scripts" security="restricted" src="https://formacionejecutiva.com.ar/empresas/noticias-y-novedades/congreso-mundial-de-mediacion/embed/#?secret=B8pLbIIHae" width="600" height="338" title="«&lt;b&gt;CONGRESO MUNDIAL DE MEDIACIÓN&lt;/b&gt;» — Formación Ejecutiva" data-secret="B8pLbIIHae" frameborder="0" marginwidth="0" marginheight="0" scrolling="no" class="wp-embedded-content"></iframe><script>
/*! This file is auto-generated */
!function(d,l){"use strict";l.querySelector&&d.addEventListener&&"undefined"!=typeof URL&&(d.wp=d.wp||{},d.wp.receiveEmbedMessage||(d.wp.receiveEmbedMessage=function(e){var t=e.data;if((t||t.secret||t.message||t.value)&&!/[^a-zA-Z0-9]/.test(t.secret)){for(var s,r,n,a=l.querySelectorAll('iframe[data-secret="'+t.secret+'"]'),o=l.querySelectorAll('blockquote[data-secret="'+t.secret+'"]'),c=new RegExp("^https?:$","i"),i=0;i<o.length;i++)o[i].style.display="none";for(i=0;i<a.length;i++)s=a[i],e.source===s.contentWindow&&(s.removeAttribute("style"),"height"===t.message?(1e3<(r=parseInt(t.value,10))?r=1e3:~~r<200&&(r=200),s.height=r):"link"===t.message&&(r=new URL(s.getAttribute("src")),n=new URL(t.value),c.test(n.protocol))&&n.host===r.host&&l.activeElement===s&&(d.top.location.href=t.value))}},d.addEventListener("message",d.wp.receiveEmbedMessage,!1),l.addEventListener("DOMContentLoaded",function(){for(var e,t,s=l.querySelectorAll("iframe.wp-embedded-content"),r=0;r<s.length;r++)(t=(e=s[r]).getAttribute("data-secret"))||(t=Math.random().toString(36).substring(2,12),e.src+="#?secret="+t,e.setAttribute("data-secret",t)),e.contentWindow.postMessage({message:"ready",secret:t},"*")},!1)))}(window,document);
</script>

Con el advenimiento de la tercera década del siglo XXI se ha abierto un amplio debate sobre la naturaleza humana, el entorno social, el medio ambiente natural y la influencia que las neotecnologías están ejerciendo sobre la concepción de nosotros mismos y las relaciones comunitarias, tanto locales como nacionales e internacionales. En esta ocasión, el [&hellip;]
